multiple of 73?
True
Does 269 divide 348760833?
False
Is 33402608 a multiple of 22?
False
Does 89 divide 1127986?
True
Does 1191 divide 35138073?
True
Does 4 divide 1028798950?
False
Is 69 a factor of 511854471?
False
Is 160423823 a multiple of 2989?
False
Is 18 a factor of 93203201?
False
Is 15008326 a multiple of 24?
False
Is 150 a factor of 549650039?
False
Does 9 divide 265342987?
False
Does 65 divide 3375413665?
True
Is 1625803476 a multiple of 6954?
True
Is 231 a factor of 34488702?
False
Is 24374841 a multiple of 1293?
False
Is 11 a factor of 106204536?
False
Is 10 a factor of 331574625?
False
Does 6087 divide 1862057502?
False
Does 819 divide 20584919?
False
Is 357 a factor of 2942934141?
True
Does 24 divide 21925656?
True
Is 1862366909 a multiple of 263?
True
Is 503 a factor of 328470270?
False
Is 2724392 a multiple of 83?
True
Is 246151354 a multiple of 2258?
True
Does 3 divide 188777065?
False
Does 18 divide 2714586?
False
Is 110115376 a multiple of 43?
False
Is 12 a factor of 132765408?
True
Is 10 a factor of 12403820?
True
Is 12 a factor of 1160563578?
False
Does 1910 divide 320375760?
True
Does 93 divide 36700125?
True
Does 4 divide 2780232?
True
Is 122897539 a multiple of 2449?
False
Does 961 divide 6806033?
False
Is 6772739 a multiple of 2?
False
Is 55 a factor of 22384835?
True
Is 87 a factor of 938291624?
False
Does 83 divide 34011408?
True
Is 10 a factor of 326019520?
True
Is 38769129 a multiple of 119?
True
Is 18 a factor of 28053576?
True
Is 406 a factor of 912141930?
True
Does 2407 divide 33770210?
True
Is 29 a factor of 4639735984?
True
Is 153034563 a multiple of 126?
False
Is 5846892 a multiple of 6?
True
Does 266 divide 1474976019?
False
Is 27920154 a multiple of 51?
True
Is 803173500 a multiple of 90?
True
Does 95 divide 72415460?
True
Is 1797979614 a multiple of 114?
True
Is 38768692 a multiple of 202?
False
Does 14 divide 31558646?
True
Does 36 divide 3019835844?
True
Is 8917 a factor of 240060493?
False
Is 101065168 a multiple of 16?
True
Is 890910 a multiple of 345?
False
Is 745 a factor of 1001322478?
False
Does 34 divide 62857204?
False
Does 20 divide 24139760?
True
Is 11139551 even?
False
Is 11 a factor of 563123847?
True
Does 244 divide 451412430?
False
Is 14935020 a multiple of 77?
False
Does 196 divide 843192?
True
Is 1777 a factor of 25528382?
True
Is 39 a factor of 872268506?
False
Does 38 divide 1202965?
False
Is 4177989 a multiple of 51?
False
Does 245 divide 14472941?
False
Is 133 a factor of 19281941?
True
Is 9131954 a multiple of 13?
True
Does 12 divide 356939952?
True
Does 10 divide 5919519080?
True
Does 9 divide 1297611?
True
Does 54 divide 201810880?
False
Is 8 a factor of 42144656?
True
Is 305983 a multiple of 2?
False
Is 323 a factor of 154897417?
False
Is 8072 a factor of 297138392?
True
Does 25 divide 2870245?
False
Is 38 a factor of 112061848?
True
Is 5199 a factor of 620786153?
False
Is 95883920 a multiple of 23?
False
Is 276789521 a multiple of 68?
False
Is 3068128746 a multiple of 1242?
True
Is 127584960 a multiple of 320?
True
Does 8 divide 35612215?
False
Does 428 divide 742350691?
False
Does 122 divide 185726212?
True
Is 33 a factor of 31339682?
False
Is 349884925 a multiple of 2?
False
Is 758 a factor of 45793438?
False
Is 2738942010 a multiple of 515?
True
Does 462 divide 32842556?
False
Is 1919745558 a multiple of 9350?
False
Does 719 divide 3250659461?
False
Is 1258963609 a multiple of 725?
False
Does 34 divide 122065168?
True
Is 91452140 a multiple of 2665?
True
Does 26 divide 12838098?
True
Is 5105295 a multiple of 9?
True
Does 9 divide 34248257?
False
Is 1639 a factor of 6357997?
False
Is 55 a factor of 25136705?
True
Does 11 divide 20432921?
False
Is 97579680 a multiple of 24?
True
Is 8 a factor of 687256268?
False
Is 14056189 a multiple of 316?
False
Is 570 a factor of 21599010?
True
Does 135 divide 33352652?
False
Is 165027687 a multiple of 45?
False
Is 9 a factor of 58194776?
False
Is 3465 a factor of 451441711?
False
Does 81 divide 183976353?
True
Is 193 a factor of 70128051?
False
Is 10842174 a multiple of 18?
True
Is 20708372 a multiple of 274?
True
Is 10 a factor of 76785470?
True
Is 552077080 a multiple of 10?
True
Does 13 divide 4860388?
True
Is 144111636 a multiple of 219?
True
Does 939 divide 1319600175?
True
Is 1180636702 a multiple of 4438?
True
Is 23303124 a multiple of 116?
True
Is 207 a factor of 29490778?
False
Is 110 a factor of 848540?
True
Is 16 a factor of 508259002?
False
Is 11 a factor of 10967717?
False
Is 159 a factor of 5809945?
False
Does 9299 divide 3338526980?
True
Does 1562 divide 261067994?
True
Is 3594736 a multiple of 3?
False
Does 535 divide 834869634?
False
Is 10296138 a multiple of 38?
True
Does 1629 divide 71990397?
True
Is 800372358 a multiple of 8334?
True
Is 1020746624 a multiple of 128?
True
Is 17 a factor of 80312097?
True
Is 311064813 a multiple of 227?
False
Is 521 a factor of 266327740?
False
Is 973 a factor of 763257201?
True
Is 111 a factor of 93659239?
False
Does 529 divide 47250280?
True
Is 1411385 a multiple of 5?
True
Is 131074720 a multiple of 1120?
True
Does 57 divide 1519291?
False
Is 1307 a factor of 64835807?
False
Is 50386050 a multiple of 650?
True
Does 2054 divide 322715166?
False
Is 14039 a factor of 2980606051?
True
Is 388 a factor of 989706520?
True
Does 5195 divide 1903754505?
True
Does 39 divide 446585972?
False
Is 2125 a factor of 385339000?
True
Is 2562542701 a multiple of 831?
False
Does 17 divide 229602?
True
Does 2090 divide 159519250?
True
Does 246 divide 22710474?
True
Does 44 divide 1322550984?
False
Is 19 a factor of 19809799?
True
Is 1628488 a multiple of 7?
False
Is 715702040 a multiple of 920?
True
Is 1119 a factor of 188610358?
False
Is 48 a factor of 5733340608?
True
Is 43140180 a multiple of 172?
True
Does 5119 divide 983549303?
True
Does 99 divide 32431959?
False
Is 7432 a factor of 4311330288?
False
Does 595 divide 221595725?
False
Does 62 divide 200878760?
True
Is 1525 a factor of 87989745?
False
Is 350391918 a multiple of 45?
False
Is 343 a factor of 49943544?
True
Does 3006 divide 1827374454?
True
Is 25 a factor of 7591400?
True
Is 303022502 a multiple of 40?
False
Does 768 divide 30875695?
False
Is 742 a factor of 34654568?
False
Is 138 a factor of 95209236?
True
Is 4844 a factor of 7126037464?
True
Is 11446940 a multiple of 28?
False
Is 126 a factor of 195295464?
True
Does 153 divide 432669633?
False
Does 26 divide 68684642?
True
Does 13 divide 2131626172?
True
Does 18 divide 2117564917?
False
Does 91 divide 803825113?
True
Is 177 a factor of 489050646?
True
Does 138 divide 49595682?
True
Is 104047188 a multiple of 5?
False
Does 504 divide 779297930?
False
Is 420 a factor of 83483128?
False
Is 2810827766 a multiple of 37?
True
Is 1205 a factor of 132394555?
True
Is 93975873 a multiple of 225?
False
Is 21 a factor of 61666185?
True
Does 132 divide 112419252?
True
Does 2676 divide 3168384?
True
Is 16472958 a multiple of 647?
False
Is 57223155 a multiple of 57?
True
Is 70 a factor of 659144153?
False
Does 9 divide 1175996260?
False
Is 2246 a factor of 3400762344?
False
Is 1023190900 a multiple of 170?
True
Does 185 divide 6580340?
False
Is 103 a factor of 3612210?
True
Is 1454250405 a multiple of 185?
True
Does 23 divide 61446917?
False
Is 50431004 a multiple of 6?
False
Is 63 a factor of 1340717364?
True
Is 552 a factor of 5326800?
True
Does 264 divide 18977576?
False
Is 278 a factor of 26323820?
True
Is 69022674 a multiple of 9?
True
Is 320718075 a multiple of 3944?
False
Does 91 divide 26826436?
True
Is 126641600 a multiple of 430?
False
Does 16 divide 201583423?
False
Does 524 divide 115156073?
False
Is 114 a factor of 51306612?
True
Is 79742848 a multiple of 32?
True
Is 111088484 a multiple of 26?
True
Does 14 divide 73713808?
True
Does 145 divide 651455623?
False
Does 4 divide 3053030?
False
Does 19 divide 46209691?
True
Is 57 a factor of 22330263?
True
Is 1145930508 a multiple of 3646?
True
Is 878 a factor of 18063972?
True
Is 1351058 a multiple of 197?
False
Is 52535270 a multiple of 85?
True
Is 44 a factor of 2302413432?
True
Is 23 a factor of 71332314?
False
Is 21 a factor of 48980862?
True
Is 1312822 a multiple of 14?
True
Is 181 a factor of 1407451257?
False
Is 6925383 a multiple o